- 8) + 0?
-11
Calculate -4 + -1 - (-447 - -421) - (6 + 1).
14
-3 - (-7 + 5) - (-45 - (-21 - -12))
35
(6 - 6) + 3 + -6 + -14
-17
-26 + 31 + 1 + 4 + -3 + -4
3
(10 + 15 + -12 - 18) + (2 - -8)
5
What is the value of -7 + -4 + (-5 - (-6 - -3)) + 6?
-7
Evaluate -9 - ((9 - 25) + 0).
7
Calculate (-8 - (-1 - 8)) + 1 + 11.
13
What is 1 + (2 - 11) + (-4 - -4) + -9?
-17
Calculate (-2 - 20) + (-116 - -148).
10
Evaluate 2 + (-2 + (-16 + 10 - -6) - 9).
-9
What is 76 - 77 - (-15 + -4)?
18
-7 + (13 - 1 - (6 - 0)) + -22
-23
What is -12 + 1 + -9 + 13?
-7
Calculate -21 + (3 - -13) + (-11 - -5).
-11
What is the value of 23 + -14 - 14 - -6?
1
Evaluate 3 - -6 - 3 - -20 - 3.
23
What is the value of (-2 - (3 - -3)) + (-7 - -7) + 4?
-4
Evaluate (-1 - -15) + -11 + 11 + 0 + 4.
18
What is -14 - (21 + -6 + -29) - 15?
-15
Calculate -2 + 2 + (10 - (7 - 3)) - 1.
5
10 - (4 + 0 + 24)
-18
0 + 2 - (21 + 48 + -66)
-1
Calculate 1 - (9 - 3) - (-23 + 27).
-9
What is the value of (-80 - -90 - (-2 + 1)) + 2 + 9?
22
Calculate (5 - (33 - 62)) + 1.
35
(0 - -28) + 1002 + -1020
10
-1 - (3 + (-4 - 8) + 27)
-19
What is the value of 3 + (-19 - -10) - -3?
-3
What is (-8 - -16) + 6 + -23?
-9
What is -8 + -9 + 19 + 1 + 9 + -5?
7
What is the value of (-6 - -15) + (-13 - (10 + -4 + -13))?
3
-24 - (-16 + 5 + -2 + 18)
-29
What is the value of 3 + 18 + 1 + -5 + 4 + -7?
14
Evaluate (10 + -20 - -13) + 1.
4
Evaluate -24 - (28 - 43) - (0 + (-2 - 3)).
-4
What is the value of -13 + (23 - (11 - -17)) + 2 + 1?
-15
What is the value of (-2 - (-15 - -20)) + 9?
2
What is the value of -35 - (15 - 22 - 36)?
8
(1 - 0 - 12) + (-370 - -375)
-6
-7 + (-10 - 1) + (50 - 57)
-25
10 + (0 - -5) + (-79 - -71) + -15
-8
What is the value of (17 - 0) + (-375 - -347)?
-11
Calculate -2 + 3 + (18 - 32) + 17.
4
Calculate (-9 - -2 - (76 + -65)) + 38.
20
Evaluate 5 - (-3 - 1 - (-17 + 15)).
7
Calculate (-3 - (8 + -11 + 2)) + -2 + 0.
-4
What is the value of -9 + 7 + 8 - -4?
10
What is (17 - -1) + -14 + 10?
14
Evaluate 16 + 0 + (3 + -4 - 6) + -37.
-28
Calculate -14 + 12 + 13 + -16.
-5
What is 23 + (5 - 0 - (3 - 0 - -10))?
15
-4 + (-15 - -12) + (-1 - -1)
-7
Calculate 34 - 30 - -23 - 37.
-10
What is the value of (-29 - -28) + (-1 - 16) + 26?
8
(-19 - -9) + 21 + -9
2
What is -148 - -154 - (1 - -13)?
-8
Evaluate 2 - (0 - (28 - 16)).
14
What is the value of -40 + 41 + -12 + -3 + 1?
-13
13 - (1 + -1) - ((53 - 33) + -23)
16
What is -8 + 3 - 2 - (10 - 20)?
3
-213 - -209 - (1 + -3 - 5) - 8
-5
10 - ((-29 - 1) + 18)
22
What is 1587 + -1561 + (1 - 2 - -6)?
31
What is the value of (-41 - -39) + (11 - 1) - 0?
8
Evaluate -14 + (-75 - -43) - -74.
28
What is 7 + (-10 - (-10 - (-2 + 2 + -3)))?
4
Evaluate (-20 - -4) + 21 + -14.
-9
Calculate (6 - -3 - 5) + -7.
-3
Calculate -31 + 0 + 1 - (35 - (21 - -10)).
-34
Calculate -13 + (34 - 14) - 10.
-3
What is 1 - (-6 + (6 - -6))?
-5
What is the value of -28 - (-42 + -30 + 27)?
17
(-5 + 9 + 4 - 10) + -9
-11
-3 + (-13 + 10 - -6) + 13
13
What is the value of 1 + (8 - (12 - 5)) + (0 - 4)?
-2
(-4 - -7) + (-5 - 2 - -15) + -5
6
Calculate 4 - ((11 - 5) + -1) - (-44 - -57).
-14
Evaluate 4 + -5 - (-8 + 3 + -12 + 11).
5
Calculate 7 + (-2 - (-6 + (6 - 12))).
17
Evaluate -2 - (-1 - -12) - (120 - 120).
-13
Evaluate -21 - -4 - -17 - (3 - -6).
-9
Calculate 2 + (-1 - (-1 + 5)) - (1 - 0).
-4
(-5 - -3) + 46 + -39
5
What is 103 + -127 - (-1 + -6)?
-17
(-18 + 25 - 17) + 21
11
Calculate -8 + 17 - 17 - (-6 - (-10 + 10)).
-2
What is -3 - (-12 + -6 + 2 + 4)?
9
6 + -25 + 4 + 5
-10
What is -9 + 0 - (-21 + 54 + -26)?
-16
What is -4 + (8 - 2) + -9 + 14?
7
Calculate (-2 - (-8 - -6 - 4)) + 3.
7
What is (181 - 171) + (-20 + -1 - -1)?
-10
What is the value of 32 + -6 + -20 + 20?
26
What is 50 + (-17 - (-18 - -6)) + -14?
31
14 - -3 - (2 - (0 + -4))
11
-10 + (15 - (3 + 27))
-25
What is 6 - (4 + (3 - 6 - -5) + 1)?
-1
What is the value of -27 + 47 + 31 + -33?
18
What is 3 + -7 + (0 - -1) + -20?
-23
Evaluate (-36 - (-110 + 37)) + -57.
-20
What is -17 + (18 - (10 + 6)) + 18?
3
What is the value of 21 + (-6 - (2 + -1))?
14
Calculate 23 + -39 - (-7 + 0) - -7.
-2
9 + (9 - (-10 + 41 + (-6 - -1)))
-8
What is -4 + (34 - 47 - -10)?
-7
What is the value of (-2 - -7) + -1 + (8 - (1 + 2))?
9
What is 276 + -275 + -4 + 0?
-3
What is the value of (-1 - -5) + 16 - (2 + 15 - 5)?
8
What is 14 - 7 - (20 + 7 + -2)?
-18
Evaluate -11 - ((4 - 14) + 3 + (1 - -13)).
-18
(3 - 0 - 0) + 31 + -26
8
What is 454 + -465 - (-6 - 1)?
-4
Evaluate (-41 - 21) + 42 + 1 + 57.
38
What is the value of 6 + -7 + -3 - (-1 + 4)?
-7
Calculate 13 + (14 - (6 + -8 - -3 - -8)).
18
Calculate -288 + 295 + 2 + -15.
-6
(18 + 22 - 28) + 4
16
What is -2 - -8 - (-13 + (-16 - -35))?
0
-20 + 85 + -61 + -4 + 1
1
Calculate (-51 - -80 - 26) + -1 + (1 - -3).
6
Evaluate -4 + -5 + -3 + (-5 - (5 + -11)).
-11
Calculate (-10 + 20 + -1 - 14) + 6.
1
(-3 + -3 - -14) + (-6 - -24)
26
Calculate 19 - (-4 + (6 - -3) + 5).
9
What is the value of 4 + (-1 - (2 + 1)) - (7 - 8)?
1
Evaluate (0 - -11) + (15 - (63 + -36)).
-1
(-15 - (20 + -25)) + 11
1
What is 28 - ((28 - -2) + -15)?
13
What is the value of -18 + 2 + -23 + 11 + 6?
-22
Evaluate -18 - 3 - (-25 + 12) - -29.
21
(-1 - 8) + -8 + 3 + -8 + 11
-11
What is 3 + 3 - ((-18 - -33) + 22)?
-31
Calculate -3 + 3 + (-9 - -5).
-4
Calculate -1 + 29 - (26 + 10).
-8
Evaluate 3 + -13 + 0 + 14.
4
What is (9 + -44 - -93) + -35?
23
2 + -3 + 16 - ((7 - 15) + 17)
6
What is 2 - (27 + -20) - (3 + -5 + 13)?
-16
What is the value of 1 + 8 + (-20 - -9) - 6?
-8
Calculate -49 - -53 - (13 - -2).
-11
Evaluate (1 - 1) + (-44 - -58 - 12).
2
What is 1047 + -1039 + -6 + 2?
4
Calculate (2 + -11 - -5) + 17.
13
What is the value of -14 + 21 + -13 + 14?
8
Calculate -1 + (-169 - -162) + (0 - 5).
-13
What is the value of -38 - -82 - (-4 - -25)?
23
28 + -53 + -6 + 7
-24
Calculate (0 - 7) + (-3 - (-11 - (-6 + -8))).
-13
What is the value of -9 + 4 + (-36 - -75)?
34
Evaluate 2 + 7 + 2 - 14 - -20.
17
Calculate (0 - (-9 - (6 + -8))) + (-19 - 1).
-13
What is the value of -3 - (-14 - -6 - -8) - -5 - -12?
14
What is the value of -1 - ((1 - -31) + -243 + 228)?
-18
Calculate 8 - -11 - 11 - (-1 - -1 - -21).
-13
6 + 19 + (-6 - 2) + -17 + 21
21
Calculate 5 + 2 + -12 + -5 + 25.
15
15 - (21 + -18 + 15)
-3
Evaluate -2 - (5 - (21 - 16)).
-2
Evaluate (-20 + 22 - -23) + -6 + -1.
18
What is the value of 42 + -42 + (-3 - (3 + -2 - 4))?
0
What is (16 - 6 - (36 + (15 - 9))) + 11?
-21
What is the value of -7 - ((-22 - -4) + (-5 - -4))?
12
What is 3 + 22 + (-20 + -5 - -9)?
9
What is (-10 - 9 - -12 - -18) + 3?
14
What is -20 - ((-2 - 16) + (5 - (22 + -25)))?
-10
What is -12 - (-22 + 24 + -9)?
-5
Calculate (-2 - (-11 + 1)) + 2 + 1 + -2.
9
(7 - (13 - (0 + 14))) + (0 - 3)
5
Calculate -1205 - -1186 - (-22 + 0).
3
Calculate (5 - 44) + 3 + 22.
-14
What is 12 + (13 + (18 - 11) - 13)?
19
Evaluate 29 + -57 - (11 + -21 - -5).
-23
Calculate 5 - -1 - (121 - 110 - (15 + 0)).
10
What is -6 + -1 + 1 - (-171 - -162)?
3
Calculate 9 + -18 - (-10 + 0).
1
What is the value of 5 + (-16 - -14 - 20)?
-17
Calculate (6 - (17 + (6 - 2)) - 8) + 2.
-21
What is the value of (-10 - -2) + (-2 - (-5 + 4))?
-9
Evaluate 8 - (-17 - (-3 + -4) - (-13 + 9)).
14
Evaluate 178 - 156 - (32 - -3).
-13
Evaluate 7 + -15 - -37 - 21.
8
Evaluate -2 - (44 + -65 - (1 - 11)).
9
Calculate (-2 - -3) + -7 + -4 + 9.
-1
What is (-12 - -25) + -2 + -3 + -30?
-22
Calculate 6 + ((8 - -15) + -25 - (0 - -9)).
-5
Calculate 8 - (1 - 0 - (6 + -8 + 6)).
11
7 + (1 - 2) + -406 + 396 - -19
15
What is the value of -1 - 0 - (-1 + -4) - (592 - 590)?
2
Evaluate (-5 - -10) + (5 - (-9 + 9)).
10
What is the value of 7 + 15 + -11 + -5 + 5 + -5?
6
Calculate (109 - 97) + -4 + -5.
3
Evaluate (4 - (6 + 1) - (-3 + -6)) + 7.
13
Evaluate -18 + 28 - (36 + -50).
24
Evaluate -29 + 43 + -7 + -8.
-1
What is the value of (0 - -3) + -6 + -7 + -3?
-13
What is the value of 24 + (-43 - 0) - -1?
-18
((2 - 18) + 2 - (338 - 346)) + 1
-5
What is the value of -7 - ((-8 - -13) + -13 + 4)?
-3
What is the value of -25 + -3 + (562 - 546)?
-12
-11 + (1 - 15 - (-165 + 158))
-18
Evaluate 4 + 11 - ((-8 - -27) + -9 + -9).
14
What is -26 + (15 - 35 - -59)?
13
What is the value of 26 - (-7 + (5 - (6 + -3)) - -11)?
20
What is -27 - ((-30 - -5) + (2 - -13))?
-17
-8 + (-15 - (3 - -3) - -12)
-17
Calculate -3 + (2 - -2) - (-8 + 0 - -6).
3
What is 